 0. Let s(z) = p*z - 21 + 6 + 10 + z**2. Let t be s(-15). What is the greatest common factor of t and 20?
10
Let x be -3 + (-28)/((6 - 4) + -4). What is the greatest common divisor of x and 473?
11
Let t(z) = 11*z - 6. Let b be t(13). Let o = b - 89. Let c(d) = d**2 - 5*d. Let i be c(6). What is the greatest common factor of i and o?
6
Suppose 97*a = 126*a - 406. What is the greatest common divisor of 1379 and a?
7
Let d = 36 - 31. Suppose 2*c - 6 + 2 = 0. Let g be 2/(((-4)/(-1))/c). Calculate the greatest common factor of d and g.
1
Suppose -3*y + 21 = -2*y. Let s = -11 + y. Calculate the highest common factor of 10 and s.
10
Let w = 0 + -44. Let t = 47 + w. Calculate the greatest common factor of t and 3.
3
Suppose 0 = -66*u + 10567 + 20651. What is the greatest common factor of 86 and u?
43
Let x = 32 - 29. Suppose -x = m - 83. Calculate the highest common factor of m and 32.
16
Let m(q) = 2*q**3 - 2*q**2 + 3*q + 3. Let z be m(3). Suppose -5*d + 2*d + z = 0. Suppose -2*t + 96 - 16 = 0. What is the greatest common divisor of d and t?
8
Let o = -795 - -803. What is the greatest common factor of o and 68?
4
Suppose -7*c = -3*c + 20. Let f be (-792)/c - 24/(-40). What is the greatest common factor of f and 53?
53
Suppose v = -0*v + 5*b, 2*v - 3*b = 35. Calculate the greatest common divisor of v and 375.
25
Suppose 8*k - 12*k = 5*f - 7689, 2*k - 4615 = -3*f. Calculate the greatest common factor of 23 and f.
23
Suppose 9*k + 7 = 43. Suppose 0*d = -k*d + 24. Suppose 4*c = -4*r + 16, -3*r + 19 = -3*c - 5. What is the greatest common factor of d and r?
6
Let h(d) = 0*d**2 + 29*d - 85*d + d**2 + 17 + 42*d. Let u(s) = -s**2 - 10*s - 9. Let g be u(-6). Let v be h(g). Calculate the greatest common factor of v and 4.
4
Suppose -5*h = -3*r - 4047, -3*r + 11 = 8. What is the highest common factor of 36 and h?
18
Let f(t) = -23*t**3 - t**2 + 1. Let r be f(-1). Suppose 7*n - 6*n - r = 0. Let s be (n/7 + -3)*14. Calculate the greatest common divisor of 12 and s.
4
Suppose -6*b - 61 + 13 = 0. Let q = b + 11. Suppose p = -q*i + 43, 4*i - 3*i = 4*p + 23. Calculate the highest common divisor of 45 and i.
15
Let c = 56 + -26. Let b(k) = 3*k - 33. Let m(x) = -2*x + 3. Let z be m(-6). Let p be b(z). What is the highest common divisor of p and c?
6
Suppose -5*g + 4 = -x, 0*x - 3*g + 24 = 3*x. Let o be 4 - x/(4/(-2)). Let v = -14 + 28. Calculate the highest common factor of o and v.
7
Let l = -3 - -8. Suppose -y = -4*n + 5*n + 14, l*n + 4*y = -69. Let p be n/(-4) + (-18)/(-24). Calculate the highest common divisor of 36 and p.
4
Let p = 301 + -232. Calculate the greatest common factor of 3 and p.
3
Let z(k) = 3*k**3 + 14*k**2 - k - 18. Let n(t) = -t**3 + 1. Let r(o) = -2*n(o) - z(o). Let y be r(-14). Calculate the highest common divisor of y and 2.
2
Suppose 21 = 2*m + 7. Suppose 160 = 2*t - m*t. Let z = t + 52. Calculate the greatest common divisor of 140 and z.
20
Suppose 4 = 12*i - 14*i. Let d be (-3 + -1 - -2)*i. Calculate the highest common divisor of d and 32.
4
Suppose 5*t = 63 + 2. Suppose -w - t + 26 = 0. Let m be 6/(-15) + (-457)/(-5). Calculate the highest common divisor of m and w.
13
Let k = -292 + 586. Calculate the greatest common factor of k and 12.
6
Suppose -31*q + 49*q - 40 = 32. Let x(n) = -n**2 + 8. Suppose v + 2*v = 0. Let k be x(v). What is the greatest common factor of q and k?
4
Suppose 4*m = 3*m + 20. Let r(h) = 11*h - 59. Let k be r(9). What is the greatest common divisor of k and m?
20
Let x be (-19971)/(-210) - (-1)/(-10). Calculate the highest common factor of 45 and x.
5
Suppose 0*k = k - 3*h - 4, -2*h = 0. Let d(v) = -k + 2 + 3*v + 12 - 2*v. Let p be d(-8). Calculate the greatest common divisor of 6 and p.
2
Let d = 146 + -142. Suppose -1 = -o - 5*v + 4, -5*v + 5 = 5*o. Suppose 3*x + 0 - 18 = o. Calculate the highest common divisor of x and d.
2
Suppose 136 = 3*n - 2*n. Let y be n*(3/(-2) + 2). Let v = 5 - -12. Calculate the greatest common divisor of v and y.
17
Suppose 518 = 5*z + 2*z. Suppose 0 = -2*i - 4*a + z, -3*a - 6 = -21. What is the greatest common factor of i and 81?
27
Suppose 0 = 2*l - 2 - 0. Let j(g) = -g**2 + 4*g - 1. Let d be j(l). Calculate the greatest common factor of d and 32.
2
Suppose 5*h - 27 = -0*l + 3*l, -2*h = -6. Let n be (-1 - l)/((-3)/4). Let o be n - (0 - (-52)/(-4)). Calculate the greatest common divisor of o and 36.
9
Suppose 3*w - 1404 = -0*w. Suppose -3*f + w = f. What is the greatest common divisor of f and 13?
13
Let x(y) = y**2 + 10*y - 16. Let g be x(-12). What is the highest common divisor of g and 32?
8
Suppose 4*b - 7*t = -2*t + 342, 3*t - 270 = -3*b. Calculate the highest common factor of 704 and b.
88
Suppose -5*l - 145 = 9*z - 12*z, -z + 49 = -2*l. What is the highest common factor of z and 171?
9
Suppose -5*g + 2*g + 204 = 3*y, 4*g + 12 = 0. Suppose u = -63 + y. What is the highest common factor of 6 and u?
2
Suppose 243*g - 248*g = -910. Let x(b) = -25*b**3 + 1. Let k be x(-1). Calculate the greatest common divisor of g and k.
26
Let y(r) = 2*r**3 + r**2 + r + 1. Let z be y(2). Let q be (-4)/(-9) - 27/(729/(-4956)). Calculate the highest common divisor of z and q.
23
Suppose -5*d = -0*d. Suppose -4*k - k + 180 = d. Let f = -5 - -9. Calculate the greatest common factor of f and k.
4
Suppose -3*d - 4*a + 7 = -10, -2*a + 36 = 4*d. Let p be ((-4)/6)/(1*-1)*75. Suppose 0 = p*x - 57*x + 231. What is the greatest common factor of d and x?
11
Let t(x) = x**2 - 5*x + 16. Let j be t(5). Let r = 340 + -164. What is the highest common divisor of r and j?
16
Suppose 5*n - 1156 + 46 = -5*u, 0 = n + 4*u - 213. What is the greatest common divisor of 25 and n?
25
Suppose 1 = a, 4*i - 906 = -3*a - 143. What is the greatest common factor of 20 and i?
10
Let g = 12 - -27. Let o be (-150)/(-20) - 2/(-4). Let a be o*3 + (2 - 0). What is the highest common factor of g and a?
13
Let l = -37 + 45. Suppose -l = 2*j + 4*y, 0 = j + 4*y + 1 + 9. Calculate the greatest common divisor of 2 and j.
2
Let z be (72/(-4) - (-3 - -2)) + -2. Suppose -8 - 68 = -2*m. Let n = m + z. What is the greatest common divisor of n and 19?
19
Let i be 44/(-33)*1188/(-8). Calculate the greatest common factor of 18 and i.
18
Suppose -4*t + t + 9 = 0. Let y(c) = -2*c**2 + 2*c - 3. Let v be y(t). Let m be 20/v + (-86)/(-6). Calculate the greatest common factor of m and 52.
13
Suppose -2*o = -2*r - 20, 2*r - 27 + 5 = -5*o. What is the greatest common factor of o and 168?
6
Let m(i) = -87 + 8*i + 37 + 35. Let b be m(3). Calculate the highest common divisor of b and 171.
9
Let n(x) = -x**2 - 16*x - 55. Let h be n(-10). Suppose -5*l = h*d - 80, 4*l - 33 = -d + 37. Calculate the greatest common factor of 45 and l.
9
Let o be ((-21)/12)/((-15)/1380). Calculate the highest common factor of o and 299.
23
Let n = 10 - 6. Suppose n*j - 4*l = -2*l + 18, 10 = 2*l. Suppose -j*s + 4*s + 30 = 0. What is the greatest common factor of 2 and s?
2
Let w = -75 + 143. Suppose 3*x - 194 = i, 0 = x - 0*i - i - w. Suppose -5 = -l + 16. Calculate the highest common factor of x and l.
21
Suppose 13*b + 180 = 18*b. Suppose 5*x + 4*i = 12 + b, -3*x + 2*i = -20. What is the greatest common divisor of 88 and x?
8
Let v be 1/(-2 + 215/108). Let l = 264 + v. Calculate the greatest common divisor of l and 39.
39
Suppose -p + 1 = -2. Let x be (-399)/(-9) - (-2)/p. Let s be -2 + 5 + (-81)/(-3). What is the highest common divisor of s and x?
15
Let t = -180 - -198. Calculate the highest common divisor of 333 and t.
9
Let g be (-996)/(-33) + 74/(-407). What is the highest common factor of 110 and g?
10
Let l be (348/24)/(8/64). Calculate the greatest common divisor of l and 261.
29
Suppose 22 = -11*m - 33. Let g = m + 35. What is the greatest common factor of g and 15?
15
Let v be 0 + (2 - -18) - -2. Let f = 154 - 99. What is the highest common divisor of v and f?
11
Let k be (0 + -21)/(14/70). Let t = 120 + k. Calculate the greatest common factor of t and 25.
5
Let b(w) = 13*w**2 - 69*w + 26. Let d be b(-13). Calculate the greatest common divisor of 78 and d.
78
Let o be 10*(4 + (-504)/(-30))/2. Calculate the highest common divisor of 39 and o.
13
Let r(l) = 10*l**2 + 8*l + 6. Let i be r(-1). Let q = -27 + 51. What is the highest common factor of i and q?
8
Let m(y) = -y**2 